{"id":537,"date":"2025-02-23T15:33:05","date_gmt":"2025-02-23T15:33:05","guid":{"rendered":"https:\/\/dancewithjoy-jm.com\/?page_id=537"},"modified":"2025-02-23T15:33:05","modified_gmt":"2025-02-23T15:33:05","slug":"datenschutzerklaerung","status":"publish","type":"page","link":"https:\/\/www.dancewithjoy-jm.com\/index.php\/datenschutzerklaerung\/","title":{"rendered":"Datenschutzerkl\u00e4rung"},"content":{"rendered":"\n<h2 id=\"datenschutz\">Datenschutz<\/h2>\n\n\n\n<p>Wir haben diese Datenschutzerkl\u00e4rung (Fassung 04.04.2021-121713649) verfasst, um Ihnen gem\u00e4\u00df der Vorgaben der&nbsp;<a rel=\"noreferrer noopener\" href=\"https:\/\/eur-lex.europa.eu\/legal-content\/DE\/ALL\/?uri=celex%3A32016R0679&amp;tid=121713649\" target=\"_blank\">Datenschutz-Grundverordnung (EU) 2016\/679<\/a>&nbsp;zu erkl\u00e4ren, welche Informationen wir sammeln, wie wir Daten verwenden und welche Entscheidungsm\u00f6glichkeiten Sie als Besucher dieser Webseite haben.<\/p>\n\n\n\n<p>Datenschutzerkl\u00e4rungen klingen f\u00fcr gew\u00f6hnlich sehr technisch. Diese Version soll Ihnen hingegen die wichtigsten Dinge so einfach und klar wie m\u00f6glich beschreiben. Soweit es m\u00f6glich ist, werden technische Begriffe leserfreundlich erkl\u00e4rt. Au\u00dferdem m\u00f6chten wir vermitteln, dass wir mit dieser Website nur dann Informationen sammeln und verwenden, wenn eine entsprechende gesetzliche Grundlage gegeben ist. Das ist sicher nicht m\u00f6glich, wenn man m\u00f6glichst knappe, technische Erkl\u00e4rungen abgibt, so wie sie im Internet oft Standard sind, wenn es um Datenschutz geht. Ich hoffe Sie finden die folgenden Erl\u00e4uterungen interessant und informativ und vielleicht ist die eine oder andere Information dabei, die Sie noch nicht kannten.<br>Wenn trotzdem Fragen bleiben, m\u00f6chten wir Sie bitten den vorhandenen Links zu folgen und sich weitere Informationen auf Drittseiten anzusehen, oder uns einfach eine E-Mail zu schreiben. Unsere Kontaktdaten finden Sie im Impressum.<\/p>\n\n\n\n<h2 id=\"rechte-dsgvo\">Rechte laut Datenschutzgrundverordnung<\/h2>\n\n\n\n<p>Ihnen stehen laut den Bestimmungen der DSGVO grunds\u00e4tzlich die folgende Rechte zu:<\/p>\n\n\n\n<ul><li>Recht auf Berichtigung (Artikel 16 DSGVO)<\/li><li>Recht auf L\u00f6schung (\u201eRecht auf Vergessenwerden\u201c) (Artikel 17 DSGVO)<\/li><li>Recht auf Einschr\u00e4nkung der Verarbeitung (Artikel 18 DSGVO)<\/li><li>Recht auf Benachrichtigung \u2013 Mitteilungspflicht im Zusammenhang mit der Berichtigung oder L\u00f6schung personenbezogener Daten oder der Einschr\u00e4nkung der Verarbeitung (Artikel 19 DSGVO)<\/li><li>Recht auf Daten\u00fcbertragbarkeit (Artikel 20 DSGVO)<\/li><li>Widerspruchsrecht (Artikel 21 DSGVO)<\/li><li>Recht, nicht einer ausschlie\u00dflich auf einer automatisierten Verarbeitung \u2014 einschlie\u00dflich Profiling \u2014 beruhenden Entscheidung unterworfen zu werden (Artikel 22 DSGVO)<\/li><\/ul>\n\n\n\n<p>Wenn Sie glauben, dass die Verarbeitung Ihrer Daten gegen das Datenschutzrecht verst\u00f6\u00dft oder Ihre datenschutzrechtlichen Anspr\u00fcche sonst in einer Weise verletzt worden sind, k\u00f6nnen Sie sich bei der Aufsichtsbeh\u00f6rde beschweren. Diese ist f\u00fcr \u00d6sterreich die Datenschutzbeh\u00f6rde, deren Webseite Sie unter&nbsp;<a href=\"https:\/\/www.dsb.gv.at\/?tid=121713649\">https:\/\/www.dsb.gv.at\/<\/a>&nbsp;finden und f\u00fcr Deutschland k\u00f6nnen Sie sich an die&nbsp;<a href=\"https:\/\/www.bfdi.bund.de\/\" target=\"_blank\" rel=\"noreferrer noopener\">Bundesbeauftragte f\u00fcr den Datenschutz und die Informationsfreiheit (BfDI)<\/a>&nbsp;wenden.<\/p>\n\n\n\n<h2 id=\"tls-verschluesselung-https\">TLS-Verschl\u00fcsselung mit https<\/h2>\n\n\n\n<p>TLS, Verschl\u00fcsselung und https klingen sehr technisch und sind es auch. Wir verwenden HTTPS (das Hypertext Transfer Protocol Secure steht f\u00fcr \u201esicheres Hypertext-\u00dcbertragungsprotokoll\u201c) um Daten abh\u00f6rsicher im Internet zu \u00fcbertragen.<br>Das bedeutet, dass die komplette \u00dcbertragung aller Daten von Ihrem Browser zu unserem Webserver abgesichert ist \u2013 niemand kann \u201cmith\u00f6ren\u201d.<\/p>\n\n\n\n<p>Damit haben wir eine zus\u00e4tzliche Sicherheitsschicht eingef\u00fchrt und erf\u00fcllen Datenschutz durch Technikgestaltung&nbsp;<a rel=\"noreferrer noopener\" href=\"https:\/\/eur-lex.europa.eu\/legal-content\/DE\/TXT\/HTML\/?uri=CELEX:32016R0679&amp;from=DE&amp;tid=121713649\" target=\"_blank\">Artikel 25 Absatz 1 DSGVO<\/a>). Durch den Einsatz von TLS (Transport Layer Security), einem Verschl\u00fcsselungsprotokoll zur sicheren Daten\u00fcbertragung im Internet k\u00f6nnen wir den Schutz vertraulicher Daten sicherstellen.<\/p>\n\n\n\n<p>Sie erkennen die Benutzung dieser Absicherung der Daten\u00fcbertragung am kleinen Schlosssymbol links oben im Browser links von der Internetadresse und der Verwendung des Schemas https (anstatt http) als Teil unserer Internetadresse.<br>Wenn Sie mehr zum Thema Verschl\u00fcsselung wissen m\u00f6chten, empfehlen wir die Google Suche nach \u201cHypertext Transfer Protocol Secure wiki\u201d um gute Links zu weiterf\u00fchrenden Informationen zu erhalten.<\/p>\n\n\n\n<h2 id=\"font-awesome-datenschutzerklaerung\">Font Awesome Datenschutzerkl\u00e4rung<\/h2>\n\n\n\n<p>Wir verwenden auf unserer Website Font Awesome des amerikanischen Unternehmens Fonticons (307 S. Main St., Suite 202, Bentonville, AR 72712, USA). Wenn Sie eine unserer Webseiten aufrufen, wird die Web-Schriftart Font Awesome (im Speziellen Icons) \u00fcber das Font Awesome Content Delivery Netzwerk (CDN) geladen. So werden die Texte bzw. Schriften und Icons auf jedem Endger\u00e4t passend angezeigt. In dieser Datenschutzerkl\u00e4rung gehen wir n\u00e4her auf die Datenspeicherung und Datenverarbeitung durch diesen Service ein.<\/p>\n\n\n\n<h3>Was ist Font Awesome?<\/h3>\n\n\n\n<p>Icons spielen f\u00fcr Websites eine immer wichtigere Rolle. Font Awesome ist eine Web-Schriftart, die speziell f\u00fcr Webdesigner und Webentwickler entwickelt wurde. Mit Font Awesome k\u00f6nnen etwa Icons mit Hilfe der Stylesheet-Sprache CSS nach Belieben skaliert und gef\u00e4rbt werden. Sie ersetzen so alte Bild-Icons. Font Awesome CDN ist der einfachste Weg die Icons oder Schriftarten auf Ihre Website zu laden. Daf\u00fcr mussten wir nur eine kleine Code-Zeile in unsere Website einbinden.<\/p>\n\n\n\n<h3>Warum verwenden wir Font Awesome auf unserer Website?<\/h3>\n\n\n\n<p>Durch Font Awesome k\u00f6nnen Inhalte auf unserer Website besser aufbereitet werden. So k\u00f6nnen Sie sich auf unserer Website besser orientieren und die Inhalte leichter erfassen. Mit den Icons kann man sogar manchmal ganze W\u00f6rter ersetzen und Platz sparen. Das ist besonders praktisch, wenn wir Inhalte speziell f\u00fcr Smartphones optimieren.&nbsp;Diese Icons werden statt als Bild als HMTL-Code eingef\u00fcgt. Dadurch k\u00f6nnen wir die Icons mit CSS genauso bearbeiten, wie wir wollen. Gleichzeitig verbessern wir mit Font Awesome auch unsere Ladegeschwindigkeit, weil es sich nur um HTML-Elemente handelt und nicht um Icon-Bilder. All diese Vorteile helfen uns, die Website f\u00fcr Sie noch \u00fcbersichtlicher, frischer und schneller zu machen.<\/p>\n\n\n\n<h3>Welche Daten werden von Font Awesome gespeichert?<\/h3>\n\n\n\n<p>Zum Laden von Icons und Symbolen wird das Font Awesome Content Delivery Network (CDN) verwendet. CDNs sind Netzwerke von Servern, die weltweit verteilt sind und es m\u00f6glich machen, schnell Dateien aus der N\u00e4he zu laden. So werden auch, sobald Sie eine unserer Seiten aufrufen, die entsprechenden Icons von Font Awesome bereitgestellt.<\/p>\n\n\n\n<p>Damit die Web-Schriftarten geladen werden k\u00f6nnen, muss Ihr Browser eine Verbindung zu den Servern des Unternehmens Fonticons, Inc. herstellen. Dabei wird Ihre IP-Adresse erkannt. Font Awesome sammelt auch Daten dar\u00fcber, welche Icon-Dateien wann heruntergeladen werden. Weiters werden auch technische Daten wie etwa Ihre Browser-Version, Bildschirmaufl\u00f6sung oder der Zeitpunkt der ausgerufenen Seite \u00fcbertragen.<\/p>\n\n\n\n<p>Aus folgenden Gr\u00fcnden werden diese Daten gesammelt und gespeichert:<\/p>\n\n\n\n<ul><li>um Content Delivery Netzwerke zu optimieren<\/li><li>um technische Fehler zu erkennen und zu beheben<\/li><li>um CDNs vor Missbrauch und Angriffen zu sch\u00fctzen<\/li><li>um Geb\u00fchren von Font Awesome Pro-Kunden berechnen zu k\u00f6nnen<\/li><li>um die Beliebtheit von Icons zu erfahren<\/li><li>um zu wissen, welchen Computer und welche Software Sie verwenden<\/li><\/ul>\n\n\n\n<p>Falls Ihr Browser Web-Schriftarten nicht zul\u00e4sst, wird automatisch eine Standardschrift Ihres PCs verwendet. Nach derzeitigem Stand unserer Erkenntnis werden keine Cookies gesetzt.<\/p>\n\n\n\n<h3>Wie lange und wo werden die Daten gespeichert?<\/h3>\n\n\n\n<p>Font Awesome speichert Daten \u00fcber die Nutzung des Content Delivery Network auf Servern auch in den Vereinigten Staaten von Amerika. Die CDN-Server befinden sich allerdings weltweit und speichern Userdaten, wo Sie sich befinden. In identifizierbarer Form werden die Daten in der Regel nur wenige Wochen gespeichert. Aggregierte Statistiken \u00fcber die Nutzung von den CDNs k\u00f6nnen auch l\u00e4nger gespeichert werden. Personenbezogene Daten sind hier nicht enthalten.<\/p>\n\n\n\n<h3>Wie kann ich meine Daten l\u00f6schen bzw. die Datenspeicherung verhindern?<\/h3>\n\n\n\n<p>Font Awesome speichert nach aktuellem Stand unseres Wissens keine personenbezogenen Daten \u00fcber die Content Delivery Netzwerke. Wenn Sie nicht wollen, dass Daten \u00fcber die verwendeten Icons gespeichert werden, k\u00f6nnen Sie leider unsere Website nicht besuchen. Wenn Ihr Browser keine Web-Schriftarten erlaubt, werden auch keine Daten \u00fcbertragen oder gespeichert. In diesem Fall wird einfach die Standard-Schrift Ihres Computers verwendet.<\/p>\n\n\n\n<p>Wenn Sie mehr \u00fcber Font Awesome und deren Umgang mit Daten erfahren wollen, empfehlen wir Ihnen die Datenschutzerkl\u00e4rung unter&nbsp;<a href=\"https:\/\/fontawesome.com\/privacy\">https:\/\/fontawesome.com\/privacy<\/a>&nbsp;und die Hilfeseite unter&nbsp;<a href=\"https:\/\/fontawesome.com\/help?tid=121713649\">https:\/\/fontawesome.com\/help<\/a>.<\/p>\n\n\n\n<p>Alle Texte sind urheberrechtlich gesch\u00fctzt.<\/p>\n\n\n\n<p>Quelle: Erstellt mit dem&nbsp;<a href=\"https:\/\/www.adsimple.at\/datenschutz-generator\/\">Datenschutz Generator<\/a>&nbsp;von AdSimple<\/p>\n","protected":false},"excerpt":{"rendered":"<p>Datenschutz Wir haben diese Datenschutzerkl\u00e4rung (Fassung 04.04.2021-121713649) verfasst, um Ihnen gem\u00e4\u00df der Vorgaben der&nbsp;Datenschutz-Grundverordnung (EU) 2016\/679&nbsp;zu erkl\u00e4ren, welche Informationen wir sammeln, wie wir Daten verwenden und welche Entscheidungsm\u00f6glichkeiten Sie als Besucher dieser Webseite haben. Datenschutzerkl\u00e4rungen klingen f\u00fcr gew\u00f6hnlich sehr technisch. Diese Version soll Ihnen hingegen die wichtigsten Dinge so einfach [&hellip;]<\/p>\n","protected":false},"author":1,"featured_media":0,"parent":0,"menu_order":0,"comment_status":"closed","ping_status":"closed","template":"","meta":[],"_links":{"self":[{"href":"https:\/\/www.dancewithjoy-jm.com\/index.php\/wp-json\/wp\/v2\/pages\/537"}],"collection":[{"href":"https:\/\/www.dancewithjoy-jm.com\/index.php\/wp-json\/wp\/v2\/pages"}],"about":[{"href":"https:\/\/www.dancewithjoy-jm.com\/index.php\/wp-json\/wp\/v2\/types\/page"}],"author":[{"embeddable":true,"href":"https:\/\/www.dancewithjoy-jm.com\/index.php\/wp-json\/wp\/v2\/users\/1"}],"replies":[{"embeddable":true,"href":"https:\/\/www.dancewithjoy-jm.com\/index.php\/wp-json\/wp\/v2\/comments?post=537"}],"version-history":[{"count":1,"href":"https:\/\/www.dancewithjoy-jm.com\/index.php\/wp-json\/wp\/v2\/pages\/537\/revisions"}],"predecessor-version":[{"id":538,"href":"https:\/\/www.dancewithjoy-jm.com\/index.php\/wp-json\/wp\/v2\/pages\/537\/revisions\/538"}],"wp:attachment":[{"href":"https:\/\/www.dancewithjoy-jm.com\/index.php\/wp-json\/wp\/v2\/media?parent=537"}],"curies":[{"name":"wp","href":"https:\/\/api.w.org\/{rel}","templated":true}]}}